y + 1. Let a = -68 - -81. Suppose -12*p - 16 = -a*p. What is the remainder when o(-5) is divided by p?
15
Let o(y) = -y**3 - 7*y**2 - 6*y + 6. Let m be o(-6). Let s be (0 - (-3)/m)*2. Let b(a) = 125*a**3 + a. What is the remainder when b(s) is divided by 32?
30
Let z = 74 - 75. What is the remainder when 45 is divided by 4/(1/z) - -16?
9
What is the remainder when 132 is divided by (-437)/(-21 - -2) - (0 + 3)?
12
Suppose m + 6 = 3*m. Suppose 100 = m*n + 19. Calculate the remainder when 51 is divided by n.
24
Let t(v) = v**2 - 5*v - 3. Let w be t(-3). What is the remainder when (36/w)/(3/14) is divided by 4?
0
Let c = 266 - 125. What is the remainder when c is divided by 36?
33
Suppose 3*h + 118 = -2*v - 2*v, 66 = -2*v + 2*h. Let q = v - -57. Let d = q - 19. Calculate the remainder when 10 is divided by d.
3
Let y be (-9)/(-6)*(-30)/(-9). Let g = 7 - y. Suppose 4*k - 203 = -5*v, v + v + g = 0. What is the remainder when k is divided by 11?
8
Suppose 4*q + 7 = -5, -k + q = -16. Let b = 15 - 10. Calculate the remainder when k is divided by b.
3
Let q(z) = -z + 8. What is the remainder when 137 is divided by q(-6)?
11
Suppose 0 = 4*m + 3*k - 277, 0*m - 2*m + 141 = -k. Let a = 44 + -36. What is the remainder when m is divided by a?
6
Suppose -5*y - 310 = -5*l, -4*l + 92 = -5*y - 160. Let d = l - 31. What is the remainder when 49 is divided by d?
22
Let n(s) = -10*s - 17. What is the remainder when 60 is divided by n(-4)?
14
Let a(h) = h**3 - 9*h**2 - h - 8. Let q be a(9). Calculate the remainder when 67 is divided by (q/2)/((-4)/8).
16
Suppose -6*s = 10*s - 432. What is the remainder when s is divided by (-21 + -1)*(0 + (-1)/2)?
5
Suppose -5*l = 0, 0 = -3*t + 4*l + 8 - 2. What is the remainder when 28 is divided by (-135)/(-30) - (-1)/t?
3
Let k(l) = 46*l**3 + 35*l**3 + 0 - l + 1. What is the remainder when k(1) is divided by 396/14 - (-4)/(-14)?
25
Suppose 96*g - 92*g - 168 = 0. What is the remainder when 102 is divided by g?
18
Let d = -722 + 929. What is the remainder when d is divided by 13?
12
Let o = -75 - -71. Calculate the remainder when (-1 - (-3)/o)/(5/(-60)) is divided by 13.
8
Let s be (-4 - (-3)/(-2))*-4. Let w = s + -33. Let x = w - -17. Calculate the remainder when x is divided by 3.
0
Suppose -24 = 2*p - 4*p. Let s = 20 + p. What is the remainder when s is divided by 11?
10
Suppose 33*h = 32*h. Suppose h = 10*k + 7 - 167. What is the remainder when 252/2*(-2)/(-4) is divided by k?
15
Calculate the remainder when (-4995)/(-19) + (-12)/(-114) is divided by 4.
3
Let r be (-2 + 2)/((-5)/5). Suppose -8*p + 11*p - 279 = r. What is the remainder when p is divided by 32?
29
Let a(f) be the second derivative of f**3/6 + 4*f**2 - 4*f. Calculate the remainder when 15 is divided by a(0).
7
Let u = -170 - -200. Let f = -3 - -14. Calculate the remainder when u is divided by f.
8
Let p = 83 - 63. Let v(y) = y**3 - 19*y**2 - 19*y + 49. Calculate the remainder when v(p) is divided by 14.
13
Let g = -10 - -23. Let k(n) be the first derivative of -n**4/4 - n**3/3 + n**2 + 8*n + 14. What is the remainder when g is divided by k(0)?
5
Let x be (25 + -3 - 3)*1. Let r = -11 + x. Calculate the remainder when 35 is divided by r.
3
Let x(k) = -7*k - 49. Calculate the remainder when 302 is divided by x(-9).
8
Let b be (-3)/(-6) - (-150)/(-4). Let k = b - -30. Let g = 7 - k. What is the remainder when 27 is divided by g?
13
Suppose a - 2*b = -2*a + 33, -2*b = 3*a - 33. Suppose 205 = -13*v + 18*v. Calculate the remainder when v is divided by a.
8
Suppose -4*s + 19 = -3*u, 2*u + 2*s = 3 + 3. Calculate the remainder when 652/18 + u/(-9)*-2 is divided by 10.
6
Let g be (-30)/(-1)*(-10)/(-25). Let s be (20/(-3))/(4/g). Calculate the remainder when 26 is divided by (5/s)/(1/(-28)).
5
Suppose -4*a - x = -150, 5*x + 113 = 3*a + 12. Calculate the remainder when 64 is divided by a.
27
Let j be (17 + -2)*112/7. Suppose -66 = 6*g - j. Let c = 1 - -14. Calculate the remainder when g is divided by c.
14
Suppose -a + 2*a - 15 = 0. Let x be (-1)/6 + (-39)/(-18). Let h = x - -2. What is the remainder when a is divided by h?
3
Let h be 1 - 393/(-3) - 5. Let a = h + -96. What is the remainder when a is divided by 9?
4
Suppose h - 4*m = 53, -2*h + 172 = -m + 31. Calculate the remainder when 363 is divided by h.
71
Let j(n) = -n**3 - 8*n**2 + 38*n + 174. Let p be j(-10). Let k(y) = y**2 + 2*y - 3*y**2 - 1 + 3*y**2. Calculate the remainder when 44 is divided by k(p).
21
Let y(v) be the first derivative of v**4/2 - v**3 - 3*v**2 + 6*v + 1. Let n be (5 - (-5 + 258/24))*-4. Calculate the remainder when y(n) is divided by 9.
6
Let h = 425 - 372. What is the remainder when h is divided by 34?
19
Let l = -3 - -19. What is the remainder when 40 + -38 - (-1 - 57) is divided by l?
12
Let v = -30 + 89. Let t = v - 25. Calculate the remainder when t is divided by 7.
6
Suppose -2*q + 9*q = -623. Let u = q + 151. Calculate the remainder when u is divided by 32.
30
Let t(f) = f**3 + 2*f**2 - 2*f + 7. Let u = 27 + -23. Let n = -31 - -43. Calculate the remainder when t(u) is divided by n.
11
Suppose -5*b - 15 - 5 = 0, -b - 109 = -5*g. Calculate the remainder when 39 is divided by g.
18
Let h = 81 + -31. Suppose 187 = 9*q - 47. What is the remainder when h is divided by q?
24
Let m = 201 - -273. What is the remainder when m is divided by 95?
94
Suppose 0 = -y - 2*y + 417. Suppose -v = -m + 4*m - 15, -5*v + m = -y. Calculate the remainder when 133 is divided by v.
25
Suppose -3*z - 11 - 12 = r, -2*z + r = 22. What is the remainder when 73 - (-4)/((-12)/z) is divided by 16?
12
Let b = -1053 - -1090. Calculate the remainder when 290 is divided by b.
31
Let p(j) = -2*j**2 - 14*j + 14. Let w be (1/(-2))/((3/42)/1). Let i(d) = 2*d**2 + 7*d - 6. Calculate the remainder when i(4) is divided by p(w).
12
Suppose -4*l + 41 = 5*p, -l = -3*p + l + 29. Let x = -65 + 69. Suppose -h = x*h - 165. What is the remainder when h is divided by p?
6
Let w = -13 - -19. Suppose -3*q = 0, 9*d = 11*d - 2*q - 8. What is the remainder when w is divided by d?
2
Suppose 0 = 4*z - 4, -3 = -0*g + g - 3*z. Let d = -5 - g. Let x(m) = m**2 + 4*m + 2. Calculate the remainder when 16 is divided by x(d).
2
Let o = 35 - 37. Calculate the remainder when (-1441)/(-22) - (-3)/o is divided by 13.
12
Suppose 0 = 16*j - 0*j - 448. Let v = -9 - -11. Suppose -327 = -v*b - b. Calculate the remainder when b is divided by j.
25
Let o = -11214 - -11216. Calculate the remainder when o is divided by (-2)/(-3) + (-4)/(-3).
0
Let d(s) = s**2 - 15*s + 71. Calculate the remainder when 31 is divided by d(6).
14
Suppose -20 = 5*p, -4*p - 60 = -5*b + p. Let o(n) = 27*n + 919. Calculate the remainder when o(-33) is divided by b.
4
Suppose 5*o + 30 = 255. What is the remainder when 18/o - (958/(-5) + 2) is divided by 32?
30
Let k be -4 + 8 + -2 + -1. Suppose -43 = -4*w + 149. Calculate the remainder when w is divided by (k + (-45)/(-6))*2.
14
Suppose o - 5*d = 19, -4*d + 29 - 21 = 0. Calculate the remainder when o is divided by 7.
1
Suppose 35 = -4*c + 171. Let k = 104 - 41. What is the remainder when k is divided by c?
29
Let g = 300 - 111. What is the remainder when g is divided by 38?
37
Suppose z = 3*z + 2*t - 16, -56 = -4*z + 2*t. Let n be 42/z - (-2)/4. Suppose -4*y = 1 - 5, -n*y - 8 = -2*j. Calculate the remainder when 10 is divided by j.
4
Suppose 0 = -5*d + 4*g + 381, -55 = -d - 5*g + 27. Calculate the remainder when 538 is divided by d.
76
Let v = -2753 - -2767. Let y be 3/(-2*(-2)/4). Suppose 2*b + 3*b = -3*x + 256, y*b - 168 = 3*x. Calculate the remainder when b is divided by v.
11
Suppose 2*x = 5*m - 14, -10 - 1 = -5*x + m. What is the remainder when x is divided by (-120)/(-5) + -22 + -1 + 1?
1
Suppose 6*x - x - 20 = 0. Suppose -g = 2*a + 1, a = -x*a + 5*g + 35. Suppose a*p = p + 6. What is the remainder when 34 is divided by p?
4
Let f(n) = -7*n**2 + 2*n + 10. Let u be f(-4). Let m = -51 - u. What is the remainder when m is divided by 20?
19
Let t be (12/(-10))/(2/5). Let c(p) = 6*p**2 + 3*p + 3. Let z be c(t). Suppose 0 = 5*i - 188 + z. Calculate the remainder when i is divided by 10.
8
Let m(p) = p**3 + p**2 + p. Suppose -6*u + 170 = -88. Suppose u = 4*w - 61. Calculate the remainder when w is divided by m(2).
12
Let f(u) = 39*u - 97. Supp